41 - -15121010?
15120225
In base 4, what is 321030031 + 13110?
321103201
In base 11, what is -3203a3 + -12a?
-320522
In base 2, what is 1110111101 - -100000110000001011111?
100000110010000011100
In base 6, what is -423501 + -11105?
-435010
In base 4, what is 1 - 32013302201?
-32013302200
In base 14, what is -46d + c0d20?
c0891
In base 2, what is 110010010011110111110 + -101101101?
110010010011001010001
In base 10, what is 71770 - -84?
71854
In base 8, what is 4565 - 7040?
-2253
In base 2, what is 11100101000 - 1100000000011000000?
-1011111100110011000
In base 4, what is 111122100 - 203?
111121231
In base 5, what is 1400322 - -3043?
1403420
In base 6, what is 3141215151 + 5?
3141215200
In base 6, what is 402 + -15335351?
-15334545
In base 8, what is 33476 + 7455?
43153
In base 11, what is 1786663 - 108?
1786556
In base 13, what is 74 - -154748?
1547bc
In base 4, what is 330 - -12101100000?
12101100330
In base 12, what is 22 + -9a02?
-99a0
In base 13, what is 4b1a8c + 5?
4b1a94
In base 6, what is 301205 + 1344?
302553
In base 6, what is 142241 - -31355?
214040
In base 14, what is -1ad + -1a672?
-1a841
In base 8, what is 3042414222 - 0?
3042414222
In base 7, what is -343 - -46514433?
46514060
In base 12, what is 193 + -10331b?
-103148
In base 7, what is 1153325 + -315?
1153010
In base 5, what is 33 - -140044323?
140044411
In base 8, what is 27 + 10447552?
10447601
In base 8, what is 2 + 105317465?
105317467
In base 16, what is -1f - -12ca?
12ab
In base 10, what is 175 - -122845?
123020
In base 15, what is 4 - 841bbd?
-841bb9
In base 15, what is -32c8d8 - -4?
-32c8d4
In base 8, what is 26475047 - -2?
26475051
In base 4, what is -312320120 + 1132?
-312312322
In base 9, what is 17463872 + 2?
17463874
In base 15, what is -5 - 168d35?
-168d3a
In base 16, what is -1b6 + 44e1?
432b
In base 9, what is -76 + -23615?
-23702
In base 15, what is -56a7 + -74?
-572b
In base 14, what is -6a0 + 309?
-395
In base 12, what is -308498b + -26?
-30849b5
In base 14, what is 3 - -c33347?
c3334a
In base 3, what is -2101000121 + -2011122?
-2110012020
In base 4, what is 1122 - 20321113?
-20313331
In base 16, what is 10e + 3e2bf?
3e3cd
In base 14, what is 1a595 - -53d?
1aad4
In base 6, what is 340 + -5251?
-4511
In base 14, what is -56 + -26aad?
-26b25
In base 4, what is -11231301 + -301021?
-12132322
In base 14, what is 53 - 698dc?
-69889
In base 7, what is 425451112 + 6?
425451121
In base 15, what is -155b9161 - 2?
-155b9163
In base 12, what is -1abb12 - -a5?
-1aba29
In base 3, what is -110 - 2020120020102?
-2020120020212
In base 4, what is 2022100220003 - 22?
2022100213321
In base 5, what is -24224201322 + 0?
-24224201322
In base 2, what is 11 + 1111111011010010?
1111111011010101
In base 11, what is -14a - 15943?
-15a92
In base 9, what is 34570 + -2612?
31857
In base 11, what is -49033 + 62a?
-48504
In base 12, what is -25 - 2ba754?
-2ba779
In base 9, what is -146687 + -56?
-146754
In base 13, what is bc9a - 3465?
8835
In base 4, what is -102030 + -1222333?
-1331023
In base 2, what is 11111001101010 - 100101110011011?
-110100110001
In base 13, what is -6 + -c8b4bc?
-c8b4c5
In base 11, what is 223580140 + -3?
223580138
In base 10, what is -1 - 135577923?
-135577924
In base 6, what is 1 + 435501341?
435501342
In base 4, what is -223333021 - -1002?
-223332013
In base 5, what is 33 + -232324133?
-232324100
In base 16, what is -4b1 - 7480?
-7931
In base 4, what is 2 + 2002020120221?
2002020120223
In base 16, what is da90 - -9?
da99
In base 9, what is -43241 + 411?
-42730
In base 7, what is 30064 - 3302?
23462
In base 10, what is 4 + -20124953?
-20124949
In base 15, what is -89 + e38d?
e304
In base 4, what is -1 - 331111030331?
-331111030332
In base 15, what is -191b3 + 1e4e?
-17264
In base 12, what is -572 + 5261?
48ab
In base 9, what is 680138306 - -5?
680138312
In base 3, what is -110100200020211 - -100?
-110100200020111
In base 10, what is 66 + -20262?
-20196
In base 3, what is -1002212020202020 + 12?
-1002212020202001
In base 7, what is -34233345 + 103?
-34233242
In base 4, what is -32001332111 + 230?
-32001331221
In base 7, what is 36642 - 5613?
31026
In base 2, what is -11 + -11101110111100110111101111?
-11101110111100110111110010
In base 6, what is 1104304 + -14455?
1045405
In base 15, what is -270 - -1ace?
185e
In base 2, what is 110010001101101101100 + -110101?
110010001101100110111
In base 12, what is -21b741682 - 3?
-21b741685
In base 8, what is -2542 - -1121065?
1116323
In base 11, what is 5402038a - 3?
54020387
In base 2, what is 11111100100001101 - 1000111?
11111100011000110
In base 13, what is -4 - -30c3c4?
30c3c0
In base 7, what is -666003 - 154?
-666160
In base 8, what is 6503400 - 42?
6503336
In base 2, what is -110 - -11100100011110110110001?
11100100011110110101011
In base 11, what is -306a + -40757?
-43816
In base 13, what is 52 + -24b551?
-24b4cc
In base 10, what is -57266 + -2496?
-59762
In base 13, what is 3a70682a - -1?
3a70682b
In base 12, what is 33 + -373b98?
-373b65
In base 15, what is -5c86b5db + 3?
-5c86b5d8
In base 2, what is 110 - -10110010001111000001111?
10110010001111000010101
In base 12, what is -634a139a - 5?
-634a13a3
In base 16, what is 11 - bcee7?
-bced6
In base 14, what is 30c + 207?
515
In base 8, what is 1541536745 - 3?
1541536742
In base 11, what is 174232 - -8?
17423a
In base 11, what is -963360 - 4?
-963364
In base 10, what is -1810 + 9641?
7831
In base 15, what is 5892 - 11556?
-abb4
In base 11, what is -1525 + 14392a?
142405
In base 5, what is 2124140 - 1121210?
1002430
In base 7, what is 60523065 + 0?
60523065
In base 10, what is -2940115 - 4?
-2940119
In base 10, what is 193636 + 108?
193744
In base 6, what is 251403244 - 44?
251403200
In base 6, what is -4133235 + 2?
-4133233
In base 3, what is -20120001 - 1012211012?
-1110101020
In base 4, what is 10333 - 11213313333?
-11213303000
In base 15, what is 5 + -19b69?
-19b64
In base 10, what is 36295 - -2805?
39100
In base 3, what is 10 - 211121211200000?
-211121211122220
In base 4, what is 203 - -112122331131?
112122332000
In base 7, what is 211426021 + 35?
211426056
In base 13, what is -63 + 190677?
190614
In base 9, what is -4051134 - -1?
-4051133
In base 5, what is 2004231410220 - -1?
2004231410221
In base 10, what is -4 + -13639260?
-13639264
In base 5, what is -10030143 - 211?
-10030404
In base 4, what is 12110132231 - 1?
12110132230
In base 15, what is 26dde6 - -19?
26de10
In base 7, what is -353 - 12666230?
-12666613
In base 8, what is 310 - -367601?
370111
In base 15, what is 1d + 520417?
520435
In base 4, what is -3 + 133022202102?
133022202033
In base 3, what is 0 - -210001101100121?
210001101100121
In base 9, what is 1 + 5864758?
5864760
In base 4, what is -11020200 - -1030?
-11013110
In base 4, what is 3211111231 + 312?
3211112203
In base 3, what is 111022212021 + -12201?
111022122120
In base 14, what is -91a0b + -5?
-91a12
In base 10, what is -2351725893 - -2?
-2351725891
In base 2, what is -11001110 + -10001111001011101000?
-10001111001110110110
In base 7, what is 21434563120 - 5?
21434563112
In base 6, what is -105240 + -2455?
-112135
In base 2, what is 1101 + -11011100001010100000?
-11011100001010010011
In base 16, what is 4 + 51963f2?
51963f6
In base 13, what is 11b02ccb7 - -1?
11b02ccb8
In base 10, what is 10 + 3209707?
3209717
In base 7, what is 10 + 2064512010?
2064512020
In base 12, what is 7a1 - 7a65?
-7284
In base 15, what is -25 - -34edb?
34eb6
In base 3, what is 112001202222 + 120102?
112002100101
In base 9, what is 5261 + -21785?
-15524
In base 2, what is -1100 - 10000100010001?
-10000100011101
In base 7, what is -3 + -131634334?
-131634340
In base 12, what is a9 + -88864?
-88777
In base 14, what is b4 - 185b4d?
-185a79
In base 12, what is 44a7 - 37?
4470
In base 2, what is -1001001111100001010 + 100110?
-1001001111011100100
In base 6, what is 1145 - 452150?
-451001
In base 14, what is -8 - 6b5591d?
-6b55927
In base 4, what is 3310220 - 21302?
3222312
In base 14, what is -6da86 + 104?
-6d982
In base 8, what is 12465402 - 7?
12465373
In base 2, what is -110000000010101101 - 1001100?
-110000000011111001
In base 7, what is 11541461 - 1?
11541460
In base 12, what is -49b2b5 + 223?
-49b092
In base 4, what is -233100 + 1122012020?
1121112320
In base 11,